
12
Let k(w) = -4*w**2 - 51*w - 34. Let s be k(-12). Suppose -2*h + 0 = -50. Suppose 3*t - l - h = 2*t, 0 = -s*l. Calculate the greatest common divisor of t and 75.
25
Let q(m) = -m**2 - 2*m + 10. Let j be q(0). Suppose -10*s + 5*s = j. Let a be 35*s/(-28)*4. What is the highest common divisor of 70 and a?
10
Let f be 952/(-204)*3/2 - -1345. Calculate the greatest common factor of 18 and f.
6
Suppose 9*f - 4*f - 40 = 0. Let a(c) = 3*c + 15*c**2 - 3 + 5 - f*c**2. Let g be a(-2). What is the highest common factor of 12 and g?
12
Let h be (2/(-4)*-64)/(3/72). Suppose -234*w = -242*w + h. Calculate the greatest common factor of w and 16.
16
Let w(j) = 5*j**2 - j + 3. Let o be w(9). Let u = -141 + o. What is the greatest common factor of 24 and u?
6
Suppose 5*v + 525 = 3*m, 504*m + 141 = 505*m + 4*v. What is the greatest common factor of m and 1540?
55
Let o be (-271)/(-4) - 847/484. What is the greatest common factor of o and 32?
2
Let u(k) = 137*k**3 - 2*k. Let c be u(1). Suppose 21*y - c = 16*y. Calculate the greatest common divisor of 36 and y.
9
Let a(h) = 2*h**2 - 27*h + 14. Let g(c) = 3*c**2 - 27*c + 14. Let y(o) = 4*a(o) - 3*g(o). Let r be y(-18). Calculate the highest common factor of r and 16.
16
Let b be 7/(-1)*(-953316)/637. What is the highest common factor of 97 and b?
97
Let x = 71 + -72. Let b be 1/(x*1/45). Let l = b - -55. What is the highest common divisor of l and 4?
2
Suppose -9*m - 5*m - 1750 = 0. Let a = -112 - m. What is the greatest common factor of a and 91?
13
Let d = -311 + 403. Suppose 8*q + d - 276 = 0. Calculate the highest common divisor of 207 and q.
23
Let o be 19734 - (7/((-70)/(-12)))/((-7)/35). Calculate the greatest common divisor of o and 30.
30
Let y(n) = n**3 - 69*n**2 + 42*n + 940. Let g be y(69). Calculate the greatest common factor of g and 38.
38
Suppose -2946 + 13643 = 5*t - 2998. What is the highest common factor of t and 415?
83
Suppose 0 = t + 3*v - 460, -64*v + 66*v = -3*t + 1387. Let r = t - 399. What is the highest common divisor of 512 and r?
64
Let k be (2 - -1) + 241 - -9*15/135. Calculate the highest common factor of 130 and k.
5
Suppose -15*g + 22 + 48 = -80. Calculate the highest common divisor of g and 1090.
10
Suppose -9*d + 946 = -314. Suppose 0 = -4*s + 6*s - 700. Calculate the highest common divisor of s and d.
70
Let c = 2772 - 2752. What is the highest common divisor of c and 1840?
20
Let j = 373 + -329. Suppose 6897 = 55*n - j*n. Calculate the highest common factor of 57 and n.
57
Let p be (20*-9)/(-3) + -16 + (5 - -8). What is the highest common divisor of 437 and p?
19
Let a be 2 - (-29 + (-6 - -3)). What is the highest common divisor of 6698 and a?
34
Let i = 5837 - 5753. What is the highest common factor of 735 and i?
21
Let t(b) = 3*b - 1 + b**2 + 4*b + 15. Let m be t(-4). Suppose 2*h + 127 = v, 0 = -m*h - h - 3. What is the greatest common divisor of v and 50?
25
Let q(m) = -17*m**3 + 838*m**2 - 232*m - 397. Let p be q(49). Let i be 50/(-4)*72/(-10). Calculate the greatest common divisor of i and p.
30
Let i = 204 - 179. Suppose -3*a + 4*x - 363 = 0, 4*a + 261 + 224 = 5*x. Let t be (a/(-10))/1*2. What is the greatest common divisor of t and i?
25
Let p = 26254 - 17062. What is the greatest common factor of 32 and p?
8
Suppose q + 263*l - 262*l = 7650, -2*q + 5*l + 15258 = 0. What is the highest common factor of q and 12?
12
Let d be 7/2*((-632)/(-28) - 18). Calculate the greatest common divisor of d and 6752.
16
Let s(j) = -3*j - 10. Let z be s(-10). Let k be ((-1640)/z)/(-1 - 1). Suppose 574 = 3*q - q. Calculate the highest common factor of k and q.
41
Let b(w) = w**2 - 14*w - 122. Let j be b(21). Suppose -5*c + 880 = -17*o + 18*o, 5*c - 5*o = 850. Calculate the greatest common factor of c and j.
25
Let z be (30312/252 + -26)/((-4)/(-126)). Calculate the highest common factor of 880 and z.
110
Let a be -13 + (-22)/132*-33126. What is the highest common factor of a and 340?
68
Suppose 2*l - f - 8 = 0, 0 = -3*l + 4*f + 22. Suppose -10 = -l*t - 8. Let u be 1/(-2)*-178 - t. Calculate the highest common factor of u and 11.
11
Suppose -11 = d - 7, -2*d - 62 = -2*g. Suppose m + 2*s = 5*s + g, 10 = -2*s. What is the greatest common factor of m and 3?
3
Let l(w) = 2*w**3 + 113*w**2 + 257*w - 164. Let b be l(-54). Calculate the greatest common factor of 6 and b.
2
Let u = 34133 + -34125. Suppose 5*c = 3*y - 0*c - 43, -2*y + 28 = -4*c. What is the highest common divisor of y and u?
8
Let i be 7 - ((-3)/2)/(42/1316). What is the greatest common factor of i and 5778?
54
Suppose -320 = -2*q - 3*q. Suppose 5*j + 3*h = 188 - 132, 4*h - 32 = -4*j. Calculate the highest common factor of q and j.
16
Let n(g) = g**3 + 12*g**2 - 17*g + 26. Let f be n(-13). Let o = -48 + f. Calculate the greatest common divisor of o and 160.
10
Let r be ((-40)/25)/(4/330). Let c = 133 + r. Calculate the highest common factor of c and 33.
1
Let j(i) = -171*i. Let z be j(-1). Let f(w) be the first derivative of 5*w**2/2 - 76*w + 140. Let u be f(19). What is the highest common divisor of u and z?
19
Let c(s) = -2*s + 1. Let p be c(-5). Let v be 3 + (0 + -10)/(1 - -1). Let w be v/6 - 8800/(-264). Calculate the greatest common factor of p and w.
11
Suppose 84*v - 93*v = -648. Let m be (16/10)/(2/10). Suppose -68 = -3*n - g, -2*g = -0*g + m. What is the greatest common factor of n and v?
24
Suppose -c = -3*r + 1036, 0 = 2*r - 27*c + 24*c - 693. What is the highest common divisor of 897 and r?
69
Let d be 4*(-2)/(-48)*3*6. Suppose d*x + 1411 + 272 = 0. Let m be (28/(-2))/(17/x). Calculate the highest common divisor of m and 42.
42
Suppose -59*z = -51*z + 1440. Let s = 279 + z. What is the greatest common divisor of s and 11?
11
Suppose 0 = 17*j - 94 - 25. Suppose 100 = j*s - 292. Let d = -37 - -65. What is the greatest common factor of s and d?
28
Let x = 146 - 144. Suppose 3*c + 12 = v, 0 = -v - 4*c - x - 7. What is the greatest common factor of v and 21?
3
Let b = -8416 + 8421. What is the highest common factor of 205 and b?
5
Let v = 198 + -168. Let l be -2 + (-82)/6*-6. What is the greatest common divisor of v and l?
10
Let h be ((-372)/10)/((-13668)/(-720) - 19). What is the greatest common divisor of h and 48?
24
Suppose 70 = -5*r + 315. Suppose -3*o + 39 + 240 = 3*q, 402 = 4*q - 2*o. What is the greatest common divisor of r and q?
49
Let g = 416 + -387. Let p(w) = 3*w + 73. Let a be p(g). Suppose 2*j - 3*r = 61, 65 = 2*j - 0*r + r. Calculate the greatest common divisor of j and a.
32
Suppose -5*m + 44 = -u, 4*u + 5 + 27 = 2*m. Suppose 0 = -86*h + 90*h - m. Suppose 33 = 4*o - 55. What is the greatest common divisor of o and h?
2
Suppose 19728 = 32*c - 31472. What is the greatest common factor of 384 and c?
64
Let a be 1325 - (-1 - (-7 - -1)). Suppose 16*b = 4*b + a. Calculate the highest common factor of b and 66.
22
Suppose -14*d + 126 = -12*d. Let n(b) = -b**2 - 6*b + 10. Let z be n(-7). Suppose c + x - d = -2*c, z*c = x + 63. What is the highest common factor of 3 and c?
3
Let t = 5724 + -3828. What is the highest common divisor of 24 and t?
24
Let x be (10/60*-244)/((-5)/255). Calculate the highest common factor of x and 68.
34
Suppose -92*b = -84*b - 1264. Suppose -2*t - b = -2*w, 4*w + 0*t - 341 = -t. What is the highest common factor of w and 28?
28
Suppose -2115*q + 588*q + 733*q + 146096 = 0. Let j(l) = -l**2 - l + 8. Let a be j(0). Calculate the highest common factor of q and a.
8
Let p = -21 - -31. Let m = -13009 + 14079. Calculate the greatest common factor of m and p.
10
Let g(v) = -2*v + 78. Let d = 307 + -317. Let o be g(d). Suppose 50 = 4*x + 2*t, 4*x - 33 = x - 3*t. What is the greatest common factor of o and x?
14
Suppose -5*p = 3*x - 76, -82 = 128*p - 133*p - x. Let d(h) = 68*h**2 + h - 2. Let b be d(2). What is the greatest common factor of p and b?
17
Let k(l) = l - 6. Let y(j) = j - 14. Let q(u) = -7*k(u) + 3*y(u). Let i be q(3). Let h be i/30 - (276/(-15))/1. What is the greatest common factor of 12 and h?
6
Let y(s) = s**3 + 8*s**2 + 32. Let z be 12/(6/2) - (11 - 1). Let g be y(z). What is the highest common divisor of g and 8?
8
Let l(a) = 19*a**2 + 2*a - 5. Let h be 0 + (-5)/(-2) - (-42)/(-84). Let d be l(h). Let q = 80 - d. Calculate the highest common divisor of q and 5.
5
Let x = 64